{"id":219,"date":"2024-03-18T17:51:51","date_gmt":"2024-03-18T17:51:51","guid":{"rendered":"https:\/\/relocations.pt\/?page_id=219"},"modified":"2024-03-30T15:28:59","modified_gmt":"2024-03-30T15:28:59","slug":"articulos","status":"publish","type":"page","link":"https:\/\/relocations.pt\/?page_id=219","title":{"rendered":"Art\u00edculos de inter\u00e9s"},"content":{"rendered":"\n<p><\/p>\n\n\n\n<p><\/p>\n\n\n<div class=\"vlp-link-container vlp-layout-basic wp-block-visual-link-preview-link\"><a href=\"https:\/\/www.idealista.pt\/news\/imobiliario\/habitacao\/2024\/03\/22\/63314-venda-de-casas-desceu-18-7-em-2023-para-minimos-de-sete-anos\" class=\"vlp-link\" title=\"Venda de casas desceu 18,7% em 2023 para m\u00ednimos de sete anos\" rel=\"nofollow\" target=\"_blank\"><\/a><div class=\"vlp-layout-zone-side\"><div class=\"vlp-block-2 vlp-link-image\"><img data-opt-id=1210728083  fetchpriority=\"high\" loading=\"eager\" decoding=\"async\" src=\"https:\/\/st3.idealista.pt\/news\/arquivos\/styles\/open_graph\/public\/2024-03\/images\/young-family-with-many-debts-facing-financial-stress.jpg?VersionId=8ETW0gUPigpj_GEiX5rG_.fRyqAG7syB&amp;itok=h_Q0uG0r\" style=\"max-width: 150px; max-height: 150px\" \/><\/div><\/div><div class=\"vlp-layout-zone-main\"><div class=\"vlp-block-0 vlp-link-title\">Venda de casas desceu 18,7% em 2023 para m\u00ednimos de sete anos<\/div><div class=\"vlp-block-1 vlp-link-summary\">O contexto econ\u00f3mico marcado pela perda de poder de compra devido \u00e0 infla\u00e7\u00e3o e\u00a0juros no cr\u00e9dito habita\u00e7\u00e3o altos impactaram a compra e venda de casas ao longo de 2023.<\/div><\/div><\/div>\n\n<div class=\"vlp-link-container vlp-layout-basic wp-block-visual-link-preview-link\"><a href=\"https:\/\/www.idealista.pt\/news\/imobiliario\/habitacao\/2024\/03\/22\/63290-comprar-casa-no-grande-porto-familias-aguardam-descida-dos-juros\" class=\"vlp-link\" title=\"Comprar casa no Grande Porto? Fam\u00edlias aguardam descida dos juros\" rel=\"nofollow\" target=\"_blank\"><\/a><div class=\"vlp-layout-zone-side\"><div class=\"vlp-block-2 vlp-link-image\"><img data-opt-id=993382860  fetchpriority=\"high\" loading=\"eager\" decoding=\"async\" src=\"https:\/\/st3.idealista.pt\/news\/arquivos\/styles\/open_graph\/public\/2024-03\/images\/pexels-miguel-a-ferreira-4110901_1.jpg?VersionId=4FDe8p.2f32RGS5DY6ZmfBE7Q.H_gh1s&amp;itok=XqEIQNZZ\" style=\"max-width: 150px; max-height: 150px\" \/><\/div><\/div><div class=\"vlp-layout-zone-main\"><div class=\"vlp-block-0 vlp-link-title\">Comprar casa no Grande Porto? Fam\u00edlias aguardam descida dos juros<\/div><div class=\"vlp-block-1 vlp-link-summary\">O mercado habitacional do Grande Porto continua a dar cartas. H\u00e1 novos empreendimentos a surgir e vontade de viver, sobretudo, nos munic\u00edpios perif\u00e9ricos \u00e0 cidade Invicta.<\/div><\/div><\/div>\n\n<div class=\"vlp-link-container vlp-layout-basic wp-block-visual-link-preview-link\"><a href=\"https:\/\/www.idealista.pt\/news\/imobiliario\/habitacao\/2024\/03\/21\/63284-camara-de-lisboa-quer-exercer-direito-de-preferencia-na-compra-de-predio\" class=\"vlp-link\" title=\"C\u00e2mara de Lisboa quer exercer direito de prefer\u00eancia na compra de pr\u00e9dio\" rel=\"nofollow\" target=\"_blank\"><\/a><div class=\"vlp-layout-zone-side\"><div class=\"vlp-block-2 vlp-link-image\"><img data-opt-id=135178002  loading=\"lazy\" decoding=\"async\" src=\"https:\/\/st3.idealista.pt\/news\/arquivos\/styles\/open_graph\/public\/2024-03\/images\/pexels-lisa-fotios-1550347.jpg?VersionId=RPGPbD.SulORePWO1VuFJfnqH_mji3kw&amp;itok=tGlgMNKF\" style=\"max-width: 150px; max-height: 150px\" \/><\/div><\/div><div class=\"vlp-layout-zone-main\"><div class=\"vlp-block-0 vlp-link-title\">C\u00e2mara de Lisboa quer exercer direito de prefer\u00eancia na compra de pr\u00e9dio<\/div><div class=\"vlp-block-1 vlp-link-summary\">A C\u00e2mara de Lisboa aprovou esta quarta-feira (21 de mar\u00e7o de 2024) a aquisi\u00e7\u00e3o de um pr\u00e9dio urbano na Pra\u00e7a Jos\u00e9 Fontana, em Arroios, com uma \u00e1rea bruta privativa de 1.062 metros quadrados (m2), pelo valor de 2,59 milh\u00f5es de euros, atrav\u00e9s do direito legal de prefer\u00eancia. Em reuni\u00e3o privada do executivo camar\u00e1rio, a proposta para submeter \u00e0 assembleia municipal a aquisi\u00e7\u00e3o do im\u00f3vel, mediante o exerc\u00edcio do direito legal de prefer\u00eancia que assiste ao munic\u00edpio de Lisboa, foi aprovada por unanimidade.<\/div><\/div><\/div>\n\n<div class=\"vlp-link-container vlp-layout-basic wp-block-visual-link-preview-link\"><a href=\"https:\/\/www.idealista.pt\/news\/imobiliario\/habitacao\/2024\/01\/17\/61095-loures-vai-comprar-270-casas-para-familias-desfavorecidas\" class=\"vlp-link\" title=\"Loures vai comprar 270 casas para fam\u00edlias desfavorecidas\" rel=\"nofollow\" target=\"_blank\"><\/a><div class=\"vlp-layout-zone-side\"><div class=\"vlp-block-2 vlp-link-image\"><img data-opt-id=507753752  loading=\"lazy\" decoding=\"async\" src=\"https:\/\/st3.idealista.pt\/news\/arquivos\/styles\/open_graph\/public\/2024-01\/images\/pexels-maria-orlova-4916028.jpg?VersionId=h.41C6rP5colGwbsk2_5V2FAqGvSKe54&amp;itok=SE4-8lHL\" style=\"max-width: 150px; max-height: 150px\" \/><\/div><\/div><div class=\"vlp-layout-zone-main\"><div class=\"vlp-block-0 vlp-link-title\">Loures vai comprar 270 casas para fam\u00edlias desfavorecidas<\/div><div class=\"vlp-block-1 vlp-link-summary\">A C\u00e2mara Municipal de Loures pretende adquirir, at\u00e9 9 de mar\u00e7o, 270 casas para benefici\u00e1rios do programa 1.\u00ba Direito, disponibilizando para o efeito 70 milh\u00f5es de euros, anunciou a autarquia do distrito de Lisboa.<\/div><\/div><\/div>","protected":false},"excerpt":{"rendered":"","protected":false},"author":2,"featured_media":58,"parent":12,"menu_order":0,"comment_status":"closed","ping_status":"closed","template":"","meta":{"_themeisle_gutenberg_block_has_review":false,"footnotes":""},"_links":{"self":[{"href":"https:\/\/relocations.pt\/index.php?rest_route=\/wp\/v2\/pages\/219"}],"collection":[{"href":"https:\/\/relocations.pt\/index.php?rest_route=\/wp\/v2\/pages"}],"about":[{"href":"https:\/\/relocations.pt\/index.php?rest_route=\/wp\/v2\/types\/page"}],"author":[{"embeddable":true,"href":"https:\/\/relocations.pt\/index.php?rest_route=\/wp\/v2\/users\/2"}],"replies":[{"embeddable":true,"href":"https:\/\/relocations.pt\/index.php?rest_route=%2Fwp%2Fv2%2Fcomments&post=219"}],"version-history":[{"count":7,"href":"https:\/\/relocations.pt\/index.php?rest_route=\/wp\/v2\/pages\/219\/revisions"}],"predecessor-version":[{"id":411,"href":"https:\/\/relocations.pt\/index.php?rest_route=\/wp\/v2\/pages\/219\/revisions\/411"}],"up":[{"embeddable":true,"href":"https:\/\/relocations.pt\/index.php?rest_route=\/wp\/v2\/pages\/12"}],"wp:featuredmedia":[{"embeddable":true,"href":"https:\/\/relocations.pt\/index.php?rest_route=\/wp\/v2\/media\/58"}],"wp:attachment":[{"href":"https:\/\/relocations.pt\/index.php?rest_route=%2Fwp%2Fv2%2Fmedia&parent=219"}],"curies":[{"name":"wp","href":"https:\/\/api.w.org\/{rel}","templated":true}]}}

Artículos de interés

<p></p>



<p></p>


<div class="vlp-link-container vlp-layout-basic wp-block-visual-link-preview-link"><a href="https://www.idealista.pt/news/imobiliario/habitacao/2024/03/22/63314-venda-de-casas-desceu-18-7-em-2023-para-minimos-de-sete-anos" class="vlp-link" title="Venda de casas desceu 18,7% em 2023 para mínimos de sete anos" rel="nofollow" target="_blank"></a><div class="vlp-layout-zone-side"><div class="vlp-block-2 vlp-link-image"><img data-opt-id=1210728083  fetchpriority="high" loading="eager" decoding="async" src="https://st3.idealista.pt/news/arquivos/styles/open_graph/public/2024-03/images/young-family-with-many-debts-facing-financial-stress.jpg?VersionId=8ETW0gUPigpj_GEiX5rG_.fRyqAG7syB&amp;itok=h_Q0uG0r" style="max-width: 150px; max-height: 150px" /></div></div><div class="vlp-layout-zone-main"><div class="vlp-block-0 vlp-link-title">Venda de casas desceu 18,7% em 2023 para mínimos de sete anos</div><div class="vlp-block-1 vlp-link-summary">O contexto económico marcado pela perda de poder de compra devido à inflação e juros no crédito habitação altos impactaram a compra e venda de casas ao longo de 2023.</div></div></div>

<div class="vlp-link-container vlp-layout-basic wp-block-visual-link-preview-link"><a href="https://www.idealista.pt/news/imobiliario/habitacao/2024/03/22/63290-comprar-casa-no-grande-porto-familias-aguardam-descida-dos-juros" class="vlp-link" title="Comprar casa no Grande Porto? Famílias aguardam descida dos juros" rel="nofollow" target="_blank"></a><div class="vlp-layout-zone-side"><div class="vlp-block-2 vlp-link-image"><img data-opt-id=993382860  fetchpriority="high" loading="eager" decoding="async" src="https://st3.idealista.pt/news/arquivos/styles/open_graph/public/2024-03/images/pexels-miguel-a-ferreira-4110901_1.jpg?VersionId=4FDe8p.2f32RGS5DY6ZmfBE7Q.H_gh1s&amp;itok=XqEIQNZZ" style="max-width: 150px; max-height: 150px" /></div></div><div class="vlp-layout-zone-main"><div class="vlp-block-0 vlp-link-title">Comprar casa no Grande Porto? Famílias aguardam descida dos juros</div><div class="vlp-block-1 vlp-link-summary">O mercado habitacional do Grande Porto continua a dar cartas. Há novos empreendimentos a surgir e vontade de viver, sobretudo, nos municípios periféricos à cidade Invicta.</div></div></div>

<div class="vlp-link-container vlp-layout-basic wp-block-visual-link-preview-link"><a href="https://www.idealista.pt/news/imobiliario/habitacao/2024/03/21/63284-camara-de-lisboa-quer-exercer-direito-de-preferencia-na-compra-de-predio" class="vlp-link" title="Câmara de Lisboa quer exercer direito de preferência na compra de prédio" rel="nofollow" target="_blank"></a><div class="vlp-layout-zone-side"><div class="vlp-block-2 vlp-link-image"><img data-opt-id=135178002  loading="lazy" decoding="async" src="https://st3.idealista.pt/news/arquivos/styles/open_graph/public/2024-03/images/pexels-lisa-fotios-1550347.jpg?VersionId=RPGPbD.SulORePWO1VuFJfnqH_mji3kw&amp;itok=tGlgMNKF" style="max-width: 150px; max-height: 150px" /></div></div><div class="vlp-layout-zone-main"><div class="vlp-block-0 vlp-link-title">Câmara de Lisboa quer exercer direito de preferência na compra de prédio</div><div class="vlp-block-1 vlp-link-summary">A Câmara de Lisboa aprovou esta quarta-feira (21 de março de 2024) a aquisição de um prédio urbano na Praça José Fontana, em Arroios, com uma área bruta privativa de 1.062 metros quadrados (m2), pelo valor de 2,59 milhões de euros, através do direito legal de preferência. Em reunião privada do executivo camarário, a proposta para submeter à assembleia municipal a aquisição do imóvel, mediante o exercício do direito legal de preferência que assiste ao município de Lisboa, foi aprovada por unanimidade.</div></div></div>

<div class="vlp-link-container vlp-layout-basic wp-block-visual-link-preview-link"><a href="https://www.idealista.pt/news/imobiliario/habitacao/2024/01/17/61095-loures-vai-comprar-270-casas-para-familias-desfavorecidas" class="vlp-link" title="Loures vai comprar 270 casas para famílias desfavorecidas" rel="nofollow" target="_blank"></a><div class="vlp-layout-zone-side"><div class="vlp-block-2 vlp-link-image"><img data-opt-id=507753752  loading="lazy" decoding="async" src="https://st3.idealista.pt/news/arquivos/styles/open_graph/public/2024-01/images/pexels-maria-orlova-4916028.jpg?VersionId=h.41C6rP5colGwbsk2_5V2FAqGvSKe54&amp;itok=SE4-8lHL" style="max-width: 150px; max-height: 150px" /></div></div><div class="vlp-layout-zone-main"><div class="vlp-block-0 vlp-link-title">Loures vai comprar 270 casas para famílias desfavorecidas</div><div class="vlp-block-1 vlp-link-summary">A Câmara Municipal de Loures pretende adquirir, até 9 de março, 270 casas para beneficiários do programa 1.º Direito, disponibilizando para o efeito 70 milhões de euros, anunciou a autarquia do distrito de Lisboa.</div></div></div>
