{"id":12,"date":"2024-03-12T10:17:44","date_gmt":"2024-03-12T10:17:44","guid":{"rendered":"https:\/\/relocations.pt\/?page_id=12"},"modified":"2025-04-30T17:02:17","modified_gmt":"2025-04-30T17:02:17","slug":"home","status":"publish","type":"page","link":"https:\/\/relocations.pt\/","title":{"rendered":"Home"},"content":{"rendered":"\n<div class=\"wp-block-cover is-light hestia-clear-top-padding\"><span aria-hidden=\"true\" class=\"wp-block-cover__background has-white-background-color has-background-dim-100 has-background-dim\"><\/span><div class=\"wp-block-cover__inner-container is-layout-flow wp-block-cover-is-layout-flow\">\n<h1 class=\"wp-block-heading has-text-align-center has-text-color\" style=\"color:#3c4858\">Que es lo que hacemos?<\/h1>\n\n\n\n<div style=\"height:40px\" aria-hidden=\"true\" class=\"wp-block-spacer\"><\/div>\n\n\n\n<div class=\"wp-block-columns is-layout-flex wp-container-core-columns-layout-1 wp-block-columns-is-layout-flex\">\n<div class=\"wp-block-column is-layout-flow wp-block-column-is-layout-flow\">\n<p>El servicio de Relocations.PT te ayuda a simplificar tu proceso de mudanza y  reubicarte en Portugal con seguridad y tranquilidad.<\/p>\n\n\n\n<div id=\"wp-block-themeisle-blocks-icon-list-9bf9544e\" class=\"wp-block-themeisle-blocks-icon-list\">\n<div id=\"wp-block-themeisle-blocks-icon-list-item-e7aa943f\" class=\"wp-block-themeisle-blocks-icon-list-item\"><i class=\"fas fa-house-user wp-block-themeisle-blocks-icon-list-item-icon\"><\/i><p class=\"wp-block-themeisle-blocks-icon-list-item-content\">B\u00fasqueda de la propiedad ideal para ti (Alquiler y\/o Compra)<\/p><\/div>\n\n\n\n<div id=\"wp-block-themeisle-blocks-icon-list-item-ee9e0fa3\" class=\"wp-block-themeisle-blocks-icon-list-item\"><i class=\"fas fa-paperclip wp-block-themeisle-blocks-icon-list-item-icon\"><\/i><p class=\"wp-block-themeisle-blocks-icon-list-item-content\">Emisi\u00f3n de NIFs para avanzar con tus tr\u00e1mites.<\/p><\/div>\n\n\n\n<div id=\"wp-block-themeisle-blocks-icon-list-item-fb86ab31\" class=\"wp-block-themeisle-blocks-icon-list-item\"><i class=\"fas fa-mobile wp-block-themeisle-blocks-icon-list-item-icon\"><\/i><p class=\"wp-block-themeisle-blocks-icon-list-item-content\">Videollamadas, llamadas y contactos ilimitados.<\/p><\/div>\n\n\n\n<div id=\"wp-block-themeisle-blocks-icon-list-item-775b454e\" class=\"wp-block-themeisle-blocks-icon-list-item\"><i class=\"fas fa-video wp-block-themeisle-blocks-icon-list-item-icon\"><\/i><p class=\"wp-block-themeisle-blocks-icon-list-item-content\">Visitas con video de las propriedades seleccionadas.<\/p><\/div>\n\n\n\n<div id=\"wp-block-themeisle-blocks-icon-list-item-a97f00e0\" class=\"wp-block-themeisle-blocks-icon-list-item\"><i class=\"fas fa-check wp-block-themeisle-blocks-icon-list-item-icon\"><\/i><p class=\"wp-block-themeisle-blocks-icon-list-item-content\">Traducci\u00f3n, revisi\u00f3n y an\u00e1lisis de documentos .<\/p><\/div>\n\n\n\n<div id=\"wp-block-themeisle-blocks-icon-list-item-5a8a8199\" class=\"wp-block-themeisle-blocks-icon-list-item\"><i class=\"fas fa-tv wp-block-themeisle-blocks-icon-list-item-icon\"><\/i><p class=\"wp-block-themeisle-blocks-icon-list-item-content\">Solicitud e instalaci\u00f3n de los servicios b\u00e1sicos como agua, luz y gas.<\/p><\/div>\n\n\n\n<div id=\"wp-block-themeisle-blocks-icon-list-item-e60db408\" class=\"wp-block-themeisle-blocks-icon-list-item\"><i class=\"fas fa-key wp-block-themeisle-blocks-icon-list-item-icon\"><\/i><p class=\"wp-block-themeisle-blocks-icon-list-item-content\">Entrega de llaves en mano y kit de bienvenida.<\/p><\/div>\n<\/div>\n\n\n\n<div style=\"height:29px\" aria-hidden=\"true\" class=\"wp-block-spacer\"><\/div>\n\n\n\n<p><strong>Revisa tambi\u00e9n nuestro <a href=\"#team\" data-type=\"internal\" data-id=\"#team\">paso a paso<\/a><\/strong>!<\/p>\n<\/div>\n<\/div>\n\n\n\n<div class=\"wp-block-columns container is-layout-flex wp-container-core-columns-layout-2 wp-block-columns-is-layout-flex\">\n<div class=\"wp-block-column is-layout-flow wp-block-column-is-layout-flow\">\n<h5 class=\"wp-block-heading has-text-align-center has-text-color\" style=\"color:#3c4858;font-size:22px\">Por qu\u00e9 necesitas a Relocations.PT ?<\/h5>\n\n\n\n<p class=\"indent ticss-91a81d77\">Este pa\u00eds es verdaderamente encantador, con una poblaci\u00f3n c\u00e1lida y acogedora, una seguridad notable, una gastronom\u00eda exquisita y paisajes impresionantes. Sin embargo, tambi\u00e9n es importante reconocer que presenta desaf\u00edos significativos, como tr\u00e1mites burocr\u00e1ticos, diferencias culturales y una alta demanda de viviendas.<\/p>\n\n\n\n<p>Si est\u00e1s leyendo esto, es porque tambi\u00e9n reconoces la complejidad de establecerte en este maravilloso lugar. Por eso, nuestro servicio est\u00e1 dise\u00f1ado para ti.<\/p>\n\n\n\n<ul>\n<li style=\"font-size:18px\">Evita la p\u00e9rdida de tiempo que implica la b\u00fasqueda de inmuebles en un mercado con escasa oferta y propietarios exigentes con la documentaci\u00f3n.<\/li>\n\n\n\n<li style=\"font-size:18px\">Revisamos minuciosamente las condiciones de arrendamiento, compra de inmuebles  y servicios para que no te encuentres con costos ocultos.<\/li>\n\n\n\n<li style=\"font-size:18px\">Negociamos en tu nombre contratos, condiciones y precios, asegur\u00e1ndonos de que no tengas que aceptar condiciones desfavorables.<\/li>\n\n\n\n<li style=\"font-size:18px\">Gracias a nuestro profundo conocimiento de los distintos proveedores de servicios locales, comparamos las mejores alternativas disponibles para ti.<\/li>\n<\/ul>\n\n\n\n<p>Con nuestro servicio, puedes tener la confianza  que tu traslado ser\u00e1 m\u00e1s sencillo y exitoso. \u00a1Cont\u00e1ctanos ahora para comenzar esta emocionante aventura con tranquilidad y confianza!&#8221;<\/p>\n\n\n\n<div style=\"height:25px\" aria-hidden=\"true\" class=\"wp-block-spacer\"><\/div>\n\n\n\n<div class=\"wp-block-buttons is-content-justification-center is-layout-flex wp-container-core-buttons-layout-1 wp-block-buttons-is-layout-flex\">\n<div class=\"wp-block-button is-style-fill\"><a class=\"wp-block-button__link wp-element-button\" href=\"https:\/\/relocations.pt\/?page_id=2\" target=\"_blank\" rel=\"noreferrer noopener\">Saber M\u00e1s<\/a><\/div>\n<\/div>\n<\/div>\n\n\n\n<div class=\"wp-block-column is-layout-flow wp-block-column-is-layout-flow\">\n<figure class=\"wp-block-image size-large is-resized is-style-default\"><img data-opt-id=1410075675  fetchpriority=\"high\" loading=\"eager\" decoding=\"async\" width=\"683\" height=\"1024\" src=\"https:\/\/ml0oi6nripft.i.optimole.com\/cb:TXEx.4e60e\/w:683\/h:1024\/q:mauto\/f:best\/https:\/\/relocations.pt\/wp-content\/uploads\/2024\/03\/portugal-4678582_1920.jpg\" alt=\"\" class=\"wp-image-55\" style=\"aspect-ratio:3\/4;object-fit:cover;width:488px;height:auto\" srcset=\"https:\/\/ml0oi6nripft.i.optimole.com\/cb:TXEx.4e60e\/w:683\/h:1024\/q:mauto\/f:best\/https:\/\/relocations.pt\/wp-content\/uploads\/2024\/03\/portugal-4678582_1920.jpg 683w, https:\/\/ml0oi6nripft.i.optimole.com\/cb:TXEx.4e60e\/w:200\/h:300\/q:mauto\/f:best\/https:\/\/relocations.pt\/wp-content\/uploads\/2024\/03\/portugal-4678582_1920.jpg 200w, https:\/\/ml0oi6nripft.i.optimole.com\/cb:TXEx.4e60e\/w:720\/h:1080\/q:mauto\/f:best\/https:\/\/relocations.pt\/wp-content\/uploads\/2024\/03\/portugal-4678582_1920.jpg 768w, https:\/\/ml0oi6nripft.i.optimole.com\/cb:TXEx.4e60e\/w:720\/h:1080\/q:mauto\/f:best\/https:\/\/relocations.pt\/wp-content\/uploads\/2024\/03\/portugal-4678582_1920.jpg 1024w, https:\/\/ml0oi6nripft.i.optimole.com\/cb:TXEx.4e60e\/w:720\/h:1080\/q:mauto\/f:best\/https:\/\/relocations.pt\/wp-content\/uploads\/2024\/03\/portugal-4678582_1920.jpg 1280w, https:\/\/ml0oi6nripft.i.optimole.com\/cb:TXEx.4e60e\/w:720\/h:1080\/q:mauto\/f:best\/dpr:2\/https:\/\/relocations.pt\/wp-content\/uploads\/2024\/03\/portugal-4678582_1920.jpg 2x\" sizes=\"(max-width: 683px) 100vw, 683px\" \/><\/figure>\n<\/div>\n<\/div>\n\n\n\n<div style=\"height:40px\" aria-hidden=\"true\" class=\"wp-block-spacer\"><\/div>\n<\/div><\/div>\n\n\n\n<div class=\"wp-block-columns container is-layout-flex wp-container-core-columns-layout-3 wp-block-columns-is-layout-flex\">\n<div class=\"wp-block-column col-md-5 is-layout-flow wp-block-column-is-layout-flow\">\n<div style=\"height:55px\" aria-hidden=\"true\" class=\"wp-block-spacer\"><\/div>\n\n\n\n<h2 class=\"wp-block-heading\">Sobre Nosotros<\/h2>\n\n\n\n<p style=\"font-size:15px\">Hola y Bienvenidos!   Somos una microempresa de relocations formada por profesionales del \u00e1rea inmobiliaria que tambi\u00e9n han sido emigrantes. Comprendemos el estr\u00e9s y las dificultades de mudarse de pa\u00eds y encontrar la vivienda adecuada. <\/p>\n\n\n\n<p style=\"font-size:15px\">Nos dedicamos a reubicar personas y familias que llegan a vivir a Portugal, ofreciendo un servicio personalizado y comprensivo. Nuestro objetivo es facilitar tu transici\u00f3n, asegur\u00e1ndonos de que encuentres el hogar perfecto y te adaptes sin complicaciones a tu nuevo entorno. <\/p>\n\n\n\n<p style=\"font-size:15px\">Creemos profundamente que nuestra experiencia migratoria y amplio bagaje profesional nos otorgan una perspectiva \u00fanica para comprender las incertidumbres, dudas y preguntas que surgen en el proceso de emigrar a Portugal. Estamos aqu\u00ed para ofrecerles nuestro apoyo y orientaci\u00f3n en cada paso del camino. \u00a1Conversemos, estamos aqu\u00ed para ayudar y hacer de tu mudanza una experiencia positiva y sin estr\u00e9s! Bienvenido a tu nuevo hogar en Portugal!<\/p>\n\n\n\n<p style=\"font-size:15px\"><\/p>\n<\/div>\n\n\n\n<div class=\"wp-block-column col-md-6 col-md-offset1 is-layout-flow wp-block-column-is-layout-flow\">\n<div style=\"height:55px\" aria-hidden=\"true\" class=\"wp-block-spacer\"><\/div>\n\n\n\n<div style=\"height:64px\" aria-hidden=\"true\" class=\"wp-block-spacer\"><\/div>\n\n\n\n<figure class=\"wp-block-image size-large is-resized\"><img data-opt-id=1422179488  fetchpriority=\"high\" loading=\"eager\" decoding=\"async\" width=\"680\" height=\"1024\" src=\"https:\/\/ml0oi6nripft.i.optimole.com\/cb:TXEx.4e60e\/w:680\/h:1024\/q:mauto\/f:best\/https:\/\/relocations.pt\/wp-content\/uploads\/2024\/06\/WhatsApp-Image-2024-06-18-at-15.55.57.jpeg\" alt=\"\" class=\"wp-image-541\" style=\"width:261px;height:auto\" srcset=\"https:\/\/ml0oi6nripft.i.optimole.com\/cb:TXEx.4e60e\/w:680\/h:1024\/q:mauto\/f:best\/https:\/\/relocations.pt\/wp-content\/uploads\/2024\/06\/WhatsApp-Image-2024-06-18-at-15.55.57.jpeg 680w, https:\/\/ml0oi6nripft.i.optimole.com\/cb:TXEx.4e60e\/w:199\/h:300\/q:mauto\/f:best\/https:\/\/relocations.pt\/wp-content\/uploads\/2024\/06\/WhatsApp-Image-2024-06-18-at-15.55.57.jpeg 199w, https:\/\/ml0oi6nripft.i.optimole.com\/cb:TXEx.4e60e\/w:717\/h:1080\/q:mauto\/f:best\/https:\/\/relocations.pt\/wp-content\/uploads\/2024\/06\/WhatsApp-Image-2024-06-18-at-15.55.57.jpeg 734w, https:\/\/ml0oi6nripft.i.optimole.com\/cb:TXEx.4e60e\/w:717\/h:1080\/q:mauto\/f:best\/dpr:2\/https:\/\/relocations.pt\/wp-content\/uploads\/2024\/06\/WhatsApp-Image-2024-06-18-at-15.55.57.jpeg 2x\" sizes=\"(max-width: 680px) 100vw, 680px\" \/><\/figure>\n\n\n\n<div class=\"wp-block-group is-nowrap is-layout-flex wp-container-core-group-layout-1 wp-block-group-is-layout-flex\"><\/div>\n<\/div>\n<\/div>\n","protected":false},"excerpt":{"rendered":"<p>Sobre Nosotros Hola y Bienvenidos! Somos una microempresa de relocations formada por profesionales del \u00e1rea inmobiliaria que tambi\u00e9n han sido emigrantes. Comprendemos el estr\u00e9s y las dificultades de mudarse de pa\u00eds y encontrar la vivienda adecuada. Nos dedicamos a reubicar personas y familias que llegan a vivir a Portugal, ofreciendo [&hellip;]<\/p>\n","protected":false},"author":1,"featured_media":46,"parent":0,"menu_order":0,"comment_status":"closed","ping_status":"closed","template":"","meta":{"_themeisle_gutenberg_block_has_review":false,"footnotes":""},"_links":{"self":[{"href":"https:\/\/relocations.pt\/index.php?rest_route=\/wp\/v2\/pages\/12"}],"collection":[{"href":"https:\/\/relocations.pt\/index.php?rest_route=\/wp\/v2\/pages"}],"about":[{"href":"https:\/\/relocations.pt\/index.php?rest_route=\/wp\/v2\/types\/page"}],"author":[{"embeddable":true,"href":"https:\/\/relocations.pt\/index.php?rest_route=\/wp\/v2\/users\/1"}],"replies":[{"embeddable":true,"href":"https:\/\/relocations.pt\/index.php?rest_route=%2Fwp%2Fv2%2Fcomments&post=12"}],"version-history":[{"count":47,"href":"https:\/\/relocations.pt\/index.php?rest_route=\/wp\/v2\/pages\/12\/revisions"}],"predecessor-version":[{"id":565,"href":"https:\/\/relocations.pt\/index.php?rest_route=\/wp\/v2\/pages\/12\/revisions\/565"}],"wp:featuredmedia":[{"embeddable":true,"href":"https:\/\/relocations.pt\/index.php?rest_route=\/wp\/v2\/media\/46"}],"wp:attachment":[{"href":"https:\/\/relocations.pt\/index.php?rest_route=%2Fwp%2Fv2%2Fmedia&parent=12"}],"curies":[{"name":"wp","href":"https:\/\/api.w.org\/{rel}","templated":true}]}}

<div class="wp-block-cover is-light hestia-clear-top-padding"><span aria-hidden="true" class="wp-block-cover__background has-white-background-color has-background-dim-100 has-background-dim"></span><div class="wp-block-cover__inner-container is-layout-flow wp-block-cover-is-layout-flow">
<h1 class="wp-block-heading has-text-align-center has-text-color" style="color:#3c4858">Que es lo que hacemos?</h1>



<div style="height:40px" aria-hidden="true" class="wp-block-spacer"></div>



<div class="wp-block-columns is-layout-flex wp-container-core-columns-layout-1 wp-block-columns-is-layout-flex">
<div class="wp-block-column is-layout-flow wp-block-column-is-layout-flow">
<p>El servicio de Relocations.PT te ayuda a simplificar tu proceso de mudanza y  reubicarte en Portugal con seguridad y tranquilidad.</p>



<div id="wp-block-themeisle-blocks-icon-list-9bf9544e" class="wp-block-themeisle-blocks-icon-list">
<div id="wp-block-themeisle-blocks-icon-list-item-e7aa943f" class="wp-block-themeisle-blocks-icon-list-item"><i class="fas fa-house-user wp-block-themeisle-blocks-icon-list-item-icon"></i><p class="wp-block-themeisle-blocks-icon-list-item-content">Búsqueda de la propiedad ideal para ti (Alquiler y/o Compra)</p></div>



<div id="wp-block-themeisle-blocks-icon-list-item-ee9e0fa3" class="wp-block-themeisle-blocks-icon-list-item"><i class="fas fa-paperclip wp-block-themeisle-blocks-icon-list-item-icon"></i><p class="wp-block-themeisle-blocks-icon-list-item-content">Emisión de NIFs para avanzar con tus trámites.</p></div>



<div id="wp-block-themeisle-blocks-icon-list-item-fb86ab31" class="wp-block-themeisle-blocks-icon-list-item"><i class="fas fa-mobile wp-block-themeisle-blocks-icon-list-item-icon"></i><p class="wp-block-themeisle-blocks-icon-list-item-content">Videollamadas, llamadas y contactos ilimitados.</p></div>



<div id="wp-block-themeisle-blocks-icon-list-item-775b454e" class="wp-block-themeisle-blocks-icon-list-item"><i class="fas fa-video wp-block-themeisle-blocks-icon-list-item-icon"></i><p class="wp-block-themeisle-blocks-icon-list-item-content">Visitas con video de las propriedades seleccionadas.</p></div>



<div id="wp-block-themeisle-blocks-icon-list-item-a97f00e0" class="wp-block-themeisle-blocks-icon-list-item"><i class="fas fa-check wp-block-themeisle-blocks-icon-list-item-icon"></i><p class="wp-block-themeisle-blocks-icon-list-item-content">Traducción, revisión y análisis de documentos .</p></div>



<div id="wp-block-themeisle-blocks-icon-list-item-5a8a8199" class="wp-block-themeisle-blocks-icon-list-item"><i class="fas fa-tv wp-block-themeisle-blocks-icon-list-item-icon"></i><p class="wp-block-themeisle-blocks-icon-list-item-content">Solicitud e instalación de los servicios básicos como agua, luz y gas.</p></div>



<div id="wp-block-themeisle-blocks-icon-list-item-e60db408" class="wp-block-themeisle-blocks-icon-list-item"><i class="fas fa-key wp-block-themeisle-blocks-icon-list-item-icon"></i><p class="wp-block-themeisle-blocks-icon-list-item-content">Entrega de llaves en mano y kit de bienvenida.</p></div>
</div>



<div style="height:29px" aria-hidden="true" class="wp-block-spacer"></div>



<p><strong>Revisa también nuestro <a href="#team" data-type="internal" data-id="#team">paso a paso</a></strong>!</p>
</div>
</div>



<div class="wp-block-columns container is-layout-flex wp-container-core-columns-layout-2 wp-block-columns-is-layout-flex">
<div class="wp-block-column is-layout-flow wp-block-column-is-layout-flow">
<h5 class="wp-block-heading has-text-align-center has-text-color" style="color:#3c4858;font-size:22px">Por qué necesitas a Relocations.PT ?</h5>



<p class="indent ticss-91a81d77">Este país es verdaderamente encantador, con una población cálida y acogedora, una seguridad notable, una gastronomía exquisita y paisajes impresionantes. Sin embargo, también es importante reconocer que presenta desafíos significativos, como trámites burocráticos, diferencias culturales y una alta demanda de viviendas.</p>



<p>Si estás leyendo esto, es porque también reconoces la complejidad de establecerte en este maravilloso lugar. Por eso, nuestro servicio está diseñado para ti.</p>



<ul>
<li style="font-size:18px">Evita la pérdida de tiempo que implica la búsqueda de inmuebles en un mercado con escasa oferta y propietarios exigentes con la documentación.</li>



<li style="font-size:18px">Revisamos minuciosamente las condiciones de arrendamiento, compra de inmuebles  y servicios para que no te encuentres con costos ocultos.</li>



<li style="font-size:18px">Negociamos en tu nombre contratos, condiciones y precios, asegurándonos de que no tengas que aceptar condiciones desfavorables.</li>



<li style="font-size:18px">Gracias a nuestro profundo conocimiento de los distintos proveedores de servicios locales, comparamos las mejores alternativas disponibles para ti.</li>
</ul>



<p>Con nuestro servicio, puedes tener la confianza  que tu traslado será más sencillo y exitoso. ¡Contáctanos ahora para comenzar esta emocionante aventura con tranquilidad y confianza!&#8221;</p>



<div style="height:25px" aria-hidden="true" class="wp-block-spacer"></div>



<div class="wp-block-buttons is-content-justification-center is-layout-flex wp-container-core-buttons-layout-1 wp-block-buttons-is-layout-flex">
<div class="wp-block-button is-style-fill"><a class="wp-block-button__link wp-element-button" href="https://relocations.pt/?page_id=2" target="_blank" rel="noreferrer noopener">Saber Más</a></div>
</div>
</div>



<div class="wp-block-column is-layout-flow wp-block-column-is-layout-flow">
<figure class="wp-block-image size-large is-resized is-style-default"><img data-opt-id=1410075675  fetchpriority="high" loading="eager" decoding="async" width="683" height="1024" src="https://ml0oi6nripft.i.optimole.com/cb:TXEx.4e60e/w:683/h:1024/q:mauto/f:best/https://relocations.pt/wp-content/uploads/2024/03/portugal-4678582_1920.jpg" alt="" class="wp-image-55" style="aspect-ratio:3/4;object-fit:cover;width:488px;height:auto" srcset="https://ml0oi6nripft.i.optimole.com/cb:TXEx.4e60e/w:683/h:1024/q:mauto/f:best/https://relocations.pt/wp-content/uploads/2024/03/portugal-4678582_1920.jpg 683w, https://ml0oi6nripft.i.optimole.com/cb:TXEx.4e60e/w:200/h:300/q:mauto/f:best/https://relocations.pt/wp-content/uploads/2024/03/portugal-4678582_1920.jpg 200w, https://ml0oi6nripft.i.optimole.com/cb:TXEx.4e60e/w:720/h:1080/q:mauto/f:best/https://relocations.pt/wp-content/uploads/2024/03/portugal-4678582_1920.jpg 768w, https://ml0oi6nripft.i.optimole.com/cb:TXEx.4e60e/w:720/h:1080/q:mauto/f:best/https://relocations.pt/wp-content/uploads/2024/03/portugal-4678582_1920.jpg 1024w, https://ml0oi6nripft.i.optimole.com/cb:TXEx.4e60e/w:720/h:1080/q:mauto/f:best/https://relocations.pt/wp-content/uploads/2024/03/portugal-4678582_1920.jpg 1280w, https://ml0oi6nripft.i.optimole.com/cb:TXEx.4e60e/w:720/h:1080/q:mauto/f:best/dpr:2/https://relocations.pt/wp-content/uploads/2024/03/portugal-4678582_1920.jpg 2x" sizes="(max-width: 683px) 100vw, 683px" /></figure>
</div>
</div>



<div style="height:40px" aria-hidden="true" class="wp-block-spacer"></div>
</div></div>



<div class="wp-block-columns container is-layout-flex wp-container-core-columns-layout-3 wp-block-columns-is-layout-flex">
<div class="wp-block-column col-md-5 is-layout-flow wp-block-column-is-layout-flow">
<div style="height:55px" aria-hidden="true" class="wp-block-spacer"></div>



<h2 class="wp-block-heading">Sobre Nosotros</h2>



<p style="font-size:15px">Hola y Bienvenidos!   Somos una microempresa de relocations formada por profesionales del área inmobiliaria que también han sido emigrantes. Comprendemos el estrés y las dificultades de mudarse de país y encontrar la vivienda adecuada. </p>



<p style="font-size:15px">Nos dedicamos a reubicar personas y familias que llegan a vivir a Portugal, ofreciendo un servicio personalizado y comprensivo. Nuestro objetivo es facilitar tu transición, asegurándonos de que encuentres el hogar perfecto y te adaptes sin complicaciones a tu nuevo entorno. </p>



<p style="font-size:15px">Creemos profundamente que nuestra experiencia migratoria y amplio bagaje profesional nos otorgan una perspectiva única para comprender las incertidumbres, dudas y preguntas que surgen en el proceso de emigrar a Portugal. Estamos aquí para ofrecerles nuestro apoyo y orientación en cada paso del camino. ¡Conversemos, estamos aquí para ayudar y hacer de tu mudanza una experiencia positiva y sin estrés! Bienvenido a tu nuevo hogar en Portugal!</p>



<p style="font-size:15px"></p>
</div>



<div class="wp-block-column col-md-6 col-md-offset1 is-layout-flow wp-block-column-is-layout-flow">
<div style="height:55px" aria-hidden="true" class="wp-block-spacer"></div>



<div style="height:64px" aria-hidden="true" class="wp-block-spacer"></div>



<figure class="wp-block-image size-large is-resized"><img data-opt-id=1422179488  fetchpriority="high" loading="eager" decoding="async" width="680" height="1024" src="https://ml0oi6nripft.i.optimole.com/cb:TXEx.4e60e/w:680/h:1024/q:mauto/f:best/https://relocations.pt/wp-content/uploads/2024/06/WhatsApp-Image-2024-06-18-at-15.55.57.jpeg" alt="" class="wp-image-541" style="width:261px;height:auto" srcset="https://ml0oi6nripft.i.optimole.com/cb:TXEx.4e60e/w:680/h:1024/q:mauto/f:best/https://relocations.pt/wp-content/uploads/2024/06/WhatsApp-Image-2024-06-18-at-15.55.57.jpeg 680w, https://ml0oi6nripft.i.optimole.com/cb:TXEx.4e60e/w:199/h:300/q:mauto/f:best/https://relocations.pt/wp-content/uploads/2024/06/WhatsApp-Image-2024-06-18-at-15.55.57.jpeg 199w, https://ml0oi6nripft.i.optimole.com/cb:TXEx.4e60e/w:717/h:1080/q:mauto/f:best/https://relocations.pt/wp-content/uploads/2024/06/WhatsApp-Image-2024-06-18-at-15.55.57.jpeg 734w, https://ml0oi6nripft.i.optimole.com/cb:TXEx.4e60e/w:717/h:1080/q:mauto/f:best/dpr:2/https://relocations.pt/wp-content/uploads/2024/06/WhatsApp-Image-2024-06-18-at-15.55.57.jpeg 2x" sizes="(max-width: 680px) 100vw, 680px" /></figure>



<div class="wp-block-group is-nowrap is-layout-flex wp-container-core-group-layout-1 wp-block-group-is-layout-flex"></div>
</div>
</div>

<p>Sobre Nosotros Hola y Bienvenidos! Somos una microempresa de relocations formada por profesionales del área inmobiliaria que también han sido emigrantes. Comprendemos el estrés y las dificultades de mudarse de país y encontrar la vivienda adecuada. Nos dedicamos a reubicar personas y familias que llegan a vivir a Portugal, ofreciendo [&hellip;]</p>
